n factor of w and 72?
18
Let d = -342 + 540. Let x = -19 - -20. Let v be 18 - 0*(3/(-12))/x. What is the highest common divisor of v and d?
18
Let w be 1 + (6 - 4) + 55. Let q = w + -34. Calculate the highest common divisor of 16 and q.
8
Suppose 15*m + 5*v + 195 = 18*m, 4*v = -5*m + 288. What is the greatest common divisor of m and 375?
15
Suppose 9*l + 144 = 684. Calculate the greatest common factor of l and 390.
30
Let p(y) = 2*y + 16. Let c be p(0). Let a(u) = -u**3 - 8*u**2 + 5*u + 4. Let k be a(-9). Calculate the greatest common factor of k and c.
8
Let g(f) = -4*f**2 + 3*f - 4. Let s(z) = -5*z**2 + 4*z - 4. Let y(j) = 6*g(j) - 5*s(j). Let b be y(4). What is the greatest common divisor of b and 32?
4
Let v = 38 - 5. Let q = -14 - -78. Suppose -2*d = -3*k - k - q, -2*k = -5*d + 120. Calculate the greatest common factor of d and v.
11
Suppose -14 = -s + 3. Suppose 106*q - 104*q - 136 = 0. What is the highest common factor of s and q?
17
Suppose 4*p - q = -345, -p - 4*p = -3*q + 440. Let z = -40 - p. Calculate the greatest common factor of 18 and z.
9
Suppose -5*j - 30 = 4*n - 9*n, -2*j = -5*n + 18. Suppose -n*v - 3*v - 255 = -4*f, 0 = -f - 2*v + 54. What is the highest common factor of 20 and f?
20
Let a(c) = 6*c**2 + 25*c - 135. Let u be a(6). Calculate the highest common factor of u and 105.
21
Let k = -23 + -13. Let s be k/(-5) + (-4)/20. Let r be (-28)/(-6)*15/2. Calculate the greatest common factor of s and r.
7
Let m be (-7)/(-14)*-1*-128. What is the greatest common divisor of 512 and m?
64
Suppose 4*t - 48 = 4*z, t = -0*t - 2*z + 18. Suppose 93 = f - 5. Calculate the highest common factor of f and t.
14
Let i(l) = l - 2. Let u be i(5). Suppose 8*n + 12*n - 2700 = 0. Suppose -u*h + 8*h - n = 0. What is the greatest common factor of 189 and h?
27
Let r = 456 + -362. Calculate the highest common divisor of r and 423.
47
Suppose -45 = -5*c - 5*w, 22 = 21*c - 19*c - 2*w. What is the highest common factor of 190 and c?
10
Let w = -29 + 48. Let y(z) = z**2 + 9*z - 33. Let n be y(-13). Calculate the greatest common divisor of n and w.
19
Let x be (1 - 1 - -2) + -3. Let i be (22/x)/(4/(-2)). Let h be (-7)/(14/(-146)) - -4. What is the highest common divisor of i and h?
11
Suppose 0 = -0*h - h + 1, -2*h - 58 = -4*w. Let d = -6 + 8. Suppose 0*c - 5*r + 50 = 4*c, 5*c - d*r - 79 = 0. What is the highest common divisor of c and w?
15
Let o = 226 + 20. Calculate the greatest common divisor of 410 and o.
82
Suppose b - 48 - 42 = 0. Let i(z) = 2*z - 3*z + 15 - z**3 + z**2 - 2*z**2. Let f be i(0). Calculate the greatest common factor of b and f.
15
Let w = -30 + 36. Let i be (-112)/(-5) - w/15. Calculate the greatest common divisor of 55 and i.
11
Let b = -48 - -77. Suppose -2*h = -59 - b. Suppose 0*j = -3*j + 33. Calculate the highest common factor of j and h.
11
Suppose 0 = 4*m - 5*i - 113, -2*m + 58 = -13*i + 9*i. What is the greatest common factor of 18 and m?
9
Suppose -5*o + v + 101 = 0, 2*o - 20 = 2*v + 14. Let k = 223 + -202. What is the greatest common factor of o and k?
21
Suppose 21*t - 2806 = -811. Calculate the greatest common factor of t and 19.
19
Let f(b) = -13*b + 102. Let k be f(19). Let o = k + 157. What is the highest common divisor of o and 48?
12
Suppose -4*h + 12 = -v, 3*h = -5*v + 26 + 29. Suppose -4*o + 2*o = -66. Let g = o - v. What is the highest common divisor of 10 and g?
5
Let c be 8460/(-15)*(-3)/(12/5). Calculate the highest common factor of 15 and c.
15
Let n be (-72)/144*(-26 + (3 - 3)). Suppose 3*v - 31 - 8 = 0. What is the greatest common factor of v and n?
13
Let l(q) = -q**3 + 9*q**2 - 23*q + 73. Let b be l(7). Calculate the highest common divisor of 80 and b.
10
Let m(l) = -3*l**3 - l. Let y be m(-1). Suppose 5*g - 4*h = g + 80, 3*h - 20 = -g. What is the highest common factor of g and y?
4
Let p = -48 + 30. Let z be 626/18 + (-4)/p. Suppose 5*n = 50 + z. Calculate the greatest common factor of 102 and n.
17
Suppose 21*m - 397 + 19 = 0. Calculate the highest common factor of 153 and m.
9
Let b(m) = -21*m**2 + 4*m + 39*m**2 + 39*m**2 - 10*m**2 + 1. Let h be b(-1). Let g = 3 - -1. What is the greatest common factor of h and g?
4
Let k = 901 - 891. What is the greatest common divisor of 490 and k?
10
Suppose -l + 105 = 4*l. Let d be 3*(-3)/(-9)*-11*1. Let h(g) = g**2 + 8*g - 19. Let s be h(d). Calculate the greatest common factor of s and l.
7
Suppose 3*n + 12 = -3*p, -2*n - 3*p + 8 = -4*n. Let i be 54/n*(-1 - 1). Let x be 255/(-34)*(-108)/15. Calculate the greatest common divisor of i and x.
27
Let l be (-39)/(-6)*(5 + -105)/(-10). What is the greatest common divisor of l and 299?
13
Suppose -9*d - 1677 = -13*d + c, -4*d + 3*c + 1671 = 0. What is the greatest common divisor of 180 and d?
60
Let y be 52 - ((-2 - -8) + -3). Suppose -71 = -4*k + y. Calculate the highest common divisor of 6 and k.
6
Suppose 7*y - 4*y + 15 = 0, 3*o + 5*y = 101. Let s be (-14)/(((-8)/(-18))/(-2)). Calculate the highest common factor of o and s.
21
Suppose 9*u = 32*u - 276. Suppose 35 - 275 = -4*s. Calculate the greatest common factor of u and s.
12
Let q be (-1 + -2)*2 - -86. Let z(h) be the second derivative of h**5/20 - 5*h**4/12 - 2*h**2 + h. Let j be z(6). What is the highest common divisor of q and j?
16
Let t be 5/((-3)/48*-8). Suppose -w + 120 = 2*w. Calculate the highest common factor of w and t.
10
Let z = -47 - -49. Let k be 4/12 - (z - 500/12). Calculate the highest common factor of k and 320.
40
Let h(l) = -35*l - 167. Let b be h(-31). Calculate the greatest common factor of 18 and b.
18
Let p be -4 + -1 + 3 + 66. Suppose 17 = 3*b - p. Calculate the greatest common factor of 9 and b.
9
Let q(c) = -c**3 - 6*c**2 + 14*c - 4. Let i be q(-8). Let r = 1 + 5. Calculate the greatest common factor of r and i.
6
Let k be (-4)/((-528)/(-54) - 10). Calculate the greatest common factor of 8 and k.
2
Suppose -9*a = -34 - 38. Suppose 36 - 148 = -a*z. What is the greatest common divisor of 2 and z?
2
Suppose -g + 6 = -2*b, -2*g + 2*b - 4*b + 6 = 0. Suppose 3*t - 16 - 26 = g*h, -4*t - 4*h = -28. Calculate the greatest common factor of 30 and t.
10
Suppose 0 = 2*n + n + 18. Let a be (-267)/n + (-3)/6. What is the highest common divisor of a and 66?
22
Let n = -161 - -513. What is the highest common divisor of 8 and n?
8
Let s(y) = -y**3 + 6*y**2 - 4*y - 1. Let c be s(5). Suppose 31 = c*a + 3*m, -5*m + 32 = a + 3. Let k = a + 11. Calculate the highest common divisor of k and 15.
15
Let i be (-16)/(-3 - 1) - 0. Let u(m) = 7*m - 13. Let k be u(i). Calculate the highest common divisor of k and 6.
3
Let q(r) = 7*r + 18. Let u be q(6). Calculate the greatest common divisor of u and 90.
30
Let c = 612 - 560. What is the greatest common factor of 208 and c?
52
Let y be (-2)/6 + 19/57. Suppose y = -4*t + m + 207, t + 5*m - 35 - 22 = 0. Let s = -1 - -14. What is the highest common factor of t and s?
13
Suppose 0*p + 109 = 3*p + 4*f, 0 = 2*p + 5*f - 82. Let z = -36 - -523. Let t = z - 239. What is the greatest common factor of p and t?
31
Suppose 2*y - 3*c = c, 2*c + 6 = 2*y. Suppose -4*b = -y*b + 56. Calculate the greatest common factor of 7 and b.
7
Suppose 4*h + q = 2*q + 94, 102 = 4*h + 3*q. Let t be 972/24*(-64)/(-12). What is the highest common divisor of t and h?
24
Let s(d) = 24*d**2 - 65*d + 4. Let n be s(5). Calculate the greatest common divisor of n and 9.
9
Let g(h) = -14*h - 49. Let x be g(-20). Suppose -26*v = -33*v + x. Calculate the highest common factor of 22 and v.
11
Let u be (-72)/3 + 0 + 0. Let v be ((-1)/(-3))/((-4)/u). Suppose -v*h + h = 5*w + 6, -26 = -4*h + 5*w. What is the greatest common divisor of 32 and h?
4
Let d(n) = -3*n**3 + n**2 + n. Let j be d(-1). Suppose -64 = -k - j*k. What is the greatest common factor of k and 24?
8
Let q be (-114)/(-22) - (-18)/(-99). Let p(b) = b**2 - 6*b + 5. Let x be p(q). Suppose -2*s = -x*s - 8. Calculate the highest common factor of s and 12.
4
Let f be 0 + 2 - (-18)/3. Suppose -9*q = -7*q - f. Calculate the highest common divisor of q and 36.
4
Let n be 12/54 + 6926/18. Let b be 4/16 + 1529/44. Calculate the highest common divisor of b and n.
35
Suppose n + 218 = 5*m - 160, 0 = -2*m + 2*n + 148. Let b = 122 - m. Calculate the greatest common factor of 2 and b.
2
Suppose -7 = -2*o - 